12
What is -8 (base 14) in base 12?
-8
Convert -3 (base 10) to base 14.
-3
What is 36 (base 7) in base 13?
21
Convert 3013 (base 4) to base 14.
103
Convert 7 (base 9) to base 12.
7
What is -281 (base 10) in base 6?
-1145
Convert -203 (base 4) to base 5.
-120
10 (base 4) to base 5
4
What is 110 (base 6) in base 14?
30
333 (base 4) to base 2
111111
What is 4 (base 14) in base 8?
4
What is 10 (base 3) in base 15?
3
-2 (base 13) to base 9
-2
-28 (base 14) to base 2
-100100
Convert 100 (base 3) to base 10.
9
-104 (base 5) to base 8
-35
What is 87 (base 10) in base 16?
57
-212 (base 6) to base 14
-5a
What is -204 (base 5) in base 9?
-60
9 (base 13) to base 8
11
-1 (base 2) to base 8
-1
What is -1a (base 16) in base 3?
-222
-101100 (base 2) to base 6
-112
5 (base 9) to base 10
5
Convert 24 (base 15) to base 6.
54
What is 13 (base 5) in base 4?
20
Convert 172 (base 15) to base 13.
1c7
What is 23 (base 14) in base 11?
29
Convert 2 (base 6) to base 4.
2
What is -29 (base 10) in base 7?
-41
What is 9 (base 14) in base 16?
9
What is -122 (base 3) in base 16?
-11
What is -10 (base 10) in base 9?
-11
Convert -52 (base 16) to base 8.
-122
Convert 7 (base 9) to base 7.
10
What is -94 (base 13) in base 15?
-81
What is -15 (base 6) in base 3?
-102
What is -13 (base 6) in base 2?
-1001
Convert -31 (base 5) to base 15.
-11
Convert 235 (base 6) to base 16.
5f
Convert 2 (base 5) to base 10.
2
What is -30 (base 4) in base 15?
-c
1 (base 2) to base 8
1
149 (base 14) to base 3
100200
What is -22 (base 5) in base 7?
-15
Convert 4 (base 11) to base 5.
4
-263 (base 8) to base 5
-1204
1 (base 5) to base 2
1
What is -250 (base 6) in base 8?
-146
68 (base 13) to base 14
62
2 (base 6) to base 3
2
What is -60 (base 10) in base 11?
-55
20 (base 12) to base 9
26
-106 (base 7) to base 13
-43
Convert -23 (base 4) to base 3.
-102
Convert -13 (base 9) to base 4.
-30
Convert 133 (base 5) to base 7.
61
Convert 1 (base 11) to base 6.
1
-13 (base 5) to base 9
-8
What is -1 (base 4) in base 10?
-1
5 (base 12) to base 15
5
What is -305 (base 9) in base 8?
-370
Convert 4 (base 11) to base 12.
4
What is -2 (base 6) in base 16?
-2
What is -12 (base 4) in base 3?
-20
What is 55 (base 8) in base 5?
140
Convert 2 (base 4) to base 11.
2
Convert -d (base 14) to base 7.
-16
Convert -ea (base 15) to base 13.
-13c
-12 (base 14) to base 11
-15
Convert 1 (base 8) to base 14.
1
Convert 300 (base 6) to base 11.
99
310 (base 5) to base 12
68
What is -3 (base 9) in base 15?
-3
-2 (base 6) to base 12
-2
-cb (base 14) to base 5
-1204
1111100 (base 2) to base 3
11121
-83 (base 10) to base 3
-10002
-6 (base 11) to base 3
-20
14 (base 13) to base 11
16
What is 10 (base 4) in base 8?
4
What is 0 (base 6) in base 7?
0
What is 3 (base 7) in base 13?
3
-4 (base 7) to base 12
-4
Convert 10 (base 8) to base 6.
12
What is 0 (base 8) in base 2?
0
What is 45 (base 10) in base 3?
1200
What is 0 (base 7) in base 14?
0
What is 271 (base 8) in base 2?
10111001
1 (base 8) to base 11
1
Convert -11001100 (base 2) to base 8.
-314
Convert -10000 (base 2) to base 7.
-22
What is -3 (base 8) in base 7?
-3
Convert -33 (base 9) to base 14.
-22
-44 (base 6) to base 16
-1c
What is -61 (base 14) in base 6?
-221
What is -1 (base 10) in base 6?
-1
2 (base 6) to base 4
2
Convert -351 (base 9) to base 11.
-243
What is -15 (base 6) in base 10?
-11
Convert 60 (base 9) to base 10.
54
-31 (base 7) to base 16
-16
4 (base 14) to base 15
4
-3 (base 4) to base 12
-3
Convert 1001 (base 2) to base 9.
10
Convert 0 (base 8) to base 15.
0
c3 (base 15) to base 3
20210
1 (base 8) to base 7
1
Convert 6 (base 16) to base 2.
110
-21 (base 3) to base 9
-7
101 (base 2) to base 14
5
-21 (base 3) to base 12
-7
Convert 7 (base 8) to base 5.
12
4 (base 7) to base 5
4
Convert 3c (base 16) to base 2.
111100
Convert -2 (base 4) to base 15.
-2
Convert 3 (base 7) to base 9.
3
21111 (base 3) to base 9
244
What is f7 (base 16) in base 3?
100011
What is -4 (base 11) in base 6?
-4
What is 1 (base 16) in base 12?
1
Convert 325 (base 7) to base 6.
434
246 (base 7) to base 6
340
110 (base 3) to base 5
22
What is 34 (base 5) in base 2?
10011
-2 (base 11) to base 7
-2
5 (base 12) to base 13
5
Convert -303 (base 4) to base 14.
-39
Convert -1 (base 15) to base 10.
-1
What is 3 (base 8) in base 16?
3
What is 11 (base 6) in base 13?
7
Convert 2 (base 10) to base 4.
2
Convert -1002 (base 3) to base 8.
-35
-2 (base 15) to base 16
-2
-1 (base 5) to base 2
-1
-204 (base 5) to base 7
-105
Convert -1 (base 16) to base 10.
-1
Convert 23 (base 15) to base 5.
113
What is 25 (base 6) in base 9?
18
Convert 2 (base 7) to base 12.
2
-20 (base 3) to base 12
-6
-1220 (base 3) to base 7
-102
What is -154 (base 15) in base 2?
-100110000
64 (base 16) to base 15
6a
Convert 5 (base 6) to base 7.
5
Convert -7 (base 9) to base 16.
-7
What is 22 (base 6) in base 5?
24
What is 1 (base 7) in base 15?
1
4 (base 7) to base 4
10
-4 (base 12) to base 3
-11
-102120 (base 3) to base 5
-2222
5 (base 8) to base 7
5
-78 (base 11) to base 5
-320
Convert 1100 (base 2) to base 16.
c
What is e (base 15) in base 8?
16
What is 26 (base 11) in base 4?
130
What is -8 (base 16) in base 13?
-8
What is 131 (base 8) in base 9?
108
Convert 12 (base 11) to base 16.
d
Convert -14 (base 7) to base 15.
-b
What is -5 (base 6) in base 14?
-5
Convert -5 (base 15) to base 5.
-10
Convert -1 (base 11) to base 4.
-1
113 (base 5) to base 13
27
What is 14 (base 5) in base 6?
13
Convert -44 (base 16) to base 15.
-48
What is -10 (base 5) in base 13?
-5
Convert -241 (base 6) to base 16.
-61
What is 1 (base 3) in base 10?
1
0 (base 12) to base 2
0
Convert 1000 (base 3) to base 2.
11011
Convert -100001 (base 2) to base 4.
-201
What is 21122 (base 3) in base 2?
11001110
What is 2 (base 3) in base 13?
2
-7 (base 10) to base 6
-11
Convert a (base 15) to base 4.
22
3 (base 14) to base 11
3
Convert -8 (base 15) to base 10.
-8
-13 (base 11) to base 4
-32
What is -33 (base 5) in base 15?
-13
51 (base 7) to base 11
33
2 (base 16) to base 15
2
Convert 4 (base 9) to base 7.
4
What is 10 (base 3) in base 16?
3
-8 (base 9) to base 6
-12
-4 (base 5) to base 13
-4
Convert 3 (base 7) to base 3.
10
What is 82 (base 14) in base 10?
114
4 (base 7) to base 10
4
-4 (base 12) to base 9
-4
-5 (base 10) to base 8
-5
Convert -35 (base 15) to base 9.
-55
-24 (base 5) to base 8
-16
Convert 11 (base 7) to base 13.
8
What is 87 (base 10) in base 2?
1010111
Convert -1 (base 11) to base 14.
-1
85 (base 12) to base 2
1100101
1010101 (base 2) to base 5
320
Convert -10001 (base 3) to base 15.
-57
Convert 1 (base 13) to base 6.
1
113 (base 9) to base 15
63
What is bd (base 14) in base 12?
11b
-7 (base 13) to base 5
-12
1 (base 13) to base 3
1
-53 (base 12) to base 11
-58
Convert -d3 (base 14) to base 6.
-505
Convert -3 (base 16) to base 3.
-10
110 (base 4) to base 3
202
151 (base 6) to base 14
4b
Convert 126 (base 13) to base 15.
d6
What is 6b (base 12) in base 2?
1010011
Convert 80 (base 11) to base 13.
6a
What is -1 (base 12) in base 8?
-1
What is 11 (base 2) in base 10?
3
Convert 1c (base 14) to base 2.
11010
Convert -32 (base 13) to base 6.
-105
What is 340 (base 5) in base 11?
87
What is 31 (base 12) in base 16?
25
What is -86 (base 10) in base 7?
-152
-2 (base 13) to base 5
-2
104 (base 8) to base 6
152
Convert -133 (base 5) to base 11.
-3a
What is 170 (base 11) in base 3?
21100
Convert 4 (base 14) to base 3.
11
-100 (base 2) to base 10
-4
Convert -8 (base 12) to base 3.
-22
What is 24 (base 8) in base 15?
15
-10110110 (base 2) to base 6
-502
What is 11110 (base 2) in base 6?
50
What is -12012 (base 3) in base 9?
-165
What is -136 (base 7) in base 13?
-5b
What is -23 (base 10) in base 7?
-32
Convert -2 (base 6) to base 15.
-2
What is -1 (base 7) in base 3?
-1
What is 341 (base 5) in base 14?
6c
22 (base 12) to base 3
222
What is 13 (base 6) in base 10?
9
What is 2 (base 4) in base 14?
2
What is -53 (base 6) in base 2?
-100001
Convert 0 (base 4) to base 11.
0
18 (base 13) to base 4
111
Convert -37 (base 8) to base 7.
-43
Convert -39 (base 10) to base 14.
-2b
Convert 0 (base 8) to base 5.
0
Convert 6 (base 9) to base 6.
10
Convert -33 (base 9) to base 13.
-24
What is 28 (base 9) in base 2?
11010
What is -158 (base 16) in base 5?
-2334
Convert -33 (base 7) to base 14.
